 - 10) + -13 + 20.
7
What is (-16 - 1) + (55 - (53 + -33))?
18
-736 + 726 + (0 - 9) - (0 - -6)
-25
Calculate (11 - 10) + (2 + -3 - 12).
-12
Evaluate -1179 + 1204 + -50 + -2.
-27
Calculate (-1 - -8) + -9 - 15.
-17
What is the value of 1 + -3 - (-162 - -138)?
22
Calculate (-1 - -2 - 3) + 79 + -83 + 6.
0
10 + 2 + -7 + 4
9
(1 - -2) + (1 - 4 - (-19 + 12))
7
Evaluate -1 + 2 + -14 + 8 + -4.
-9
Evaluate (15 + 5 + -16 - (-1 - -1)) + -1.
3
What is the value of (0 - 2) + 21 - (203 - 200)?
16
Calculate 17 - -2 - (2 - 0) - (1 + 5).
11
What is 23 + (-22 - -7) - 9?
-1
What is 1 - ((-13 - -8) + (2 - -6))?
-2
Evaluate -4 + -1 + 1 - (215 + -205).
-14
Evaluate 10 - (0 - 7 - -17) - 26.
-26
Evaluate 3 + ((2 - 9) + 4 - -3 - -3).
6
2 + -6 - (2 + -8 - -8 - -7)
-13
What is (-1 - (3 + -4 + -17)) + (-18 - -20)?
19
What is -10 + (6 + -4 - 1)?
-9
Calculate -2 + (-4 - (-29 + -6 + 3) - 1).
25
What is -5 + -3 + 3 + 16 - (0 + 12)?
-1
Calculate -41 - -57 - (14 + (14 - 10)).
-2
Calculate -1 + (-4 - 1) + 12 + 4.
10
(3 + (6 - 0) - 5) + 8
12
What is the value of -6 - (-32 + 4 - (-11 - -2))?
13
Evaluate (43 - -1) + (19 + -32 - 4).
27
4 + (6 - 13) - -22 - (5 + 2)
12
Calculate (-4 - -27) + -5 - (3 - -1 - -4).
10
What is the value of -1 - (-4 - 0 - (-12 + 2 + 5))?
-2
Calculate 3 + -22 - (-54 + 41).
-6
What is the value of 9 - (20 + (-4 - -2 - 0))?
-9
Calculate 0 - ((14 - (3 - -3)) + -14).
6
What is the value of 15 + 5 + -21 - (-11 - -7 - 2)?
5
What is -14 + 10 + -9 + 7 - -6 - 19?
-19
Calculate -1 - -2 - (-166 + 174).
-7
What is 24 + -23 - (7 - -5)?
-11
Calculate 2 + 2 - 10 - (-9 - -7).
-4
-19 + (13 - 12) - -22
4
Calculate 1385 + -1361 + (-15 - -1).
10
Evaluate 12 + (4 + (7 - 5) - 9).
9
Evaluate 25 - 11 - 2 - 21.
-9
Calculate -2 - (3 + -1 + 1 + 5 - 6).
-4
-7 - -18 - (3 + (6 - 4) + 4)
2
-2 - (-1 - (6 + -1)) - (4 - 7)
7
Calculate 13 + (-2 - ((-21 - -15) + -3 + 15)).
5
Evaluate 7 + -10 - (-2 + 2 + 2 + 1).
-6
What is -12 - (2 + -5 + 9 + -4)?
-14
(-11 - 2) + (4 - -10) + -13 + -7
-19
Evaluate -11 + (4 - (-2 - -14)) + (13 - 2).
-8
Evaluate 499 + -528 - (2 + -27).
-4
5 - (-1 + -5 + (19 + -38 - -1))
29
Evaluate 33 + 25 + -13 + -11 + 5.
39
What is (1 + 0 + 1 - 23) + (-10 - -8)?
-23
What is -8 - -8 - (-2 + 1 - (-3 + 3))?
1
Evaluate (1 - (48 - 19)) + 6.
-22
Evaluate (3 - -1) + (-21 - -14 - 7 - 5).
-15
-29 + 5 + -10 + 19 + -6
-21
Evaluate 20 - (1 - (-4 + -11)).
4
Evaluate (-3 - -15 - -4) + -5.
11
What is the value of 0 + -8 + -8 + 2 - 9?
-23
Evaluate (2 - -1) + (-18 + 1 - (-3 - -25)).
-36
Evaluate -3 + (38 - 42) + (0 - 3).
-10
-1 + 9 + (-55 - -46) + 15
14
What is the value of 30 - 2 - (47 + (42 - 82))?
21
Evaluate -74 - -2 - (286 + -323).
-35
1 - (-9 + 7 + -14 + 11 + 7)
-1
-27 + 2 + 11 + (-5 - -3)
-16
What is the value of (-7 - (1 + 3) - -21) + -17?
-7
Evaluate 27 + (27 - 78) + 11 + -2.
-15
4 + 9 + -19 + 11 + -3
2
What is 1 + (3 - (3 + -5)) - (-122 + 99)?
29
Evaluate 9 + (48 + -30 - 17).
10
Evaluate 0 + 4 + (160 - 198) + (-2 - -26).
-10
-66 - -39 - (-16 - 15)
4
What is -2 - (1 - -8 - (47 + -65))?
-29
Calculate 6 - -1 - ((5 - 9) + 5 + 13).
-7
-44 + -20 - -74 - (-8 + -1)
19
45 - (11 - (14 - 31))
17
Evaluate 17 + 9 + 5 + -15.
16
What is 23 - (3 + (-4 - -25))?
-1
(2 - 6) + (-1 - 1) + -521 + 505
-22
Evaluate 11 + 7 + 67 + -58.
27
Evaluate (-2 - 1) + (-11 - (10 + -29)).
5
(-31 - -23) + (3 - -6) - 10
-9
What is (-11 - -16) + (59 - 57)?
7
3 + -18 + (37 - 28)
-6
Evaluate 2 + (-2 - -23) - 13.
10
10 + (10 + -11 - -10) + -36 + 6
-11
What is the value of -1 - (0 + 7 - ((16 - 7) + -10))?
-9
What is -69 - -64 - (-3 + -1)?
-1
Evaluate -12 + 13 - 21 - -11 - 19.
-28
Calculate 25 + (5 - 16) + (9 - 4).
19
Calculate -59 + 34 + 26 + -4 + 2 + 9.
8
What is 5 - 2 - ((3 - -6) + (-3 - -5))?
-8
Evaluate 59 + -68 - (2 - 1).
-10
Evaluate 18 - 8 - (9 - (0 + 4)).
5
What is the value of -5 - (5 - (1 + 6)) - (1 + -5)?
1
What is -16 - 0 - (22 - 3 - 26)?
-9
38 + -23 + -43 + 66
38
Evaluate 11 + -4 + (-2 - 3) + (14 - 2).
14
Calculate -3 - -2 - (1 + 1 + (3 - 5)).
-1
Evaluate 30 + (-19 - (3 + -15)) + -2 + 0.
21
What is the value of 21 - 19 - (-1 + 12)?
-9
What is the value of -7 - (-27 + (-2 - -2) + (7 - 4))?
17
What is 2 + -19 - (-2 + (-1 - (-9 + 11)))?
-12
What is -11 + -2 - (-9 + -8 + 19)?
-15
Calculate -6 + (-23 - -12) + (2 - -1).
-14
What is 6 - (6 + 4 + -32 - -6)?
22
What is (12 + -1 - 2) + (-25 + 0 - -4)?
-12
Evaluate 26 - (21 - (-12 + 8)).
1
What is (0 - (6 - 1)) + -3 + 11 - 8?
-5
What is -9 + (39 - 21) + -35?
-26
-18 + 16 + (10 - 17)
-9
What is the value of -29 + 33 - (19 + -2)?
-13
Evaluate 11 + (8 - 0) + -14 + (1 - 27).
-21
Calculate (33 - -10) + 15 - 40.
18
Calculate 41 + -44 + (-4 - -32).
25
What is (-6 - -8) + -1 - 8 - -20?
13
What is the value of 1 - (10 + 3 + -8) - -12 - -9?
17
5 + (-39 - -13) - (13 - 20)
-14
What is -3 + 0 + (21 + -46 - -47) + -20?
-1
What is the value of 1 - 10 - (-147 + 139)?
-1
Calculate (18 - 30) + -3 + 2 - -43.
30
Evaluate -13 + -4 + 15 + -6 + -6.
-14
What is -1 - (5 + -6) - (7 + -1) - -23?
17
What is 31 - ((-1 + -6 - -7) + 9)?
22
What is (41 - 58) + 37 + 3?
23
Calculate -3 + 21 + (7 + -7 + 10 - 6).
22
(58 + -14 - 31) + -22 + 0
-9
What is 23 + -38 + 21 + -4 - (25 - 0)?
-23
15 + (0 - -12 - 15)
12
Calculate -1 + -7 + -3 + (12 - 3).
-2
15 + 5 + 3 + -21
2
Calculate 27 - (67 - -13 - 24).
-29
Calculate (-23 - -16) + (1 - 1) + 15 + -18.
-10
What is 7 + (19 - 6) + -18?
2
Calculate (9 - ((-5 - 7) + 11)) + -7.
3
What is the value of -6 + (31 - 7) + -12 - (3 - -1)?
2
Evaluate -7 + 6 + 2 - (0 - (3 + -4)).
0
(-5 + -4 - 0) + 14 + 3 + -17
-9
What is the value of -7 - ((6 + -15 - 8) + 5)?
5
What is 9 + -5 + -4 - -25?
25
Calculate 2 + -1 + 8 + (-2245 - -2257).
21
What is the value of -17 + -7 - 2 - -16 - -29?
19
What is the value of (-18 - -5) + 14 - -14?
15
Evaluate (38 - (2 - 0) - 4) + -12 + 5.
25
Evaluate (186 - 91) + -78 - (-1 + 16).
2
What is -16 - (5 - ((-11 - -7) + (16 - 6)))?
-15
-6 + -9 + 7 + 4 - 6
-10
1 - (-2 + -5) - (7 - 9) - 14
-4
What is 12 + -2 + -18 + 12?
4
What is the value of -13 + 22 + (0 - -4)?
13
Calculate -10 - (5 + (-19 - -4 - -1)).
-1
Calculate (20 + -13 - -3) + -9.
1
Evaluate -31 - (-16 - 21) - (-15 - 2).
23
What is -27 - (-14 + 18 + -20)?
-11
1 - (-5 + (-4 - -5) - -13) - -2
-6
Evaluate (-980 - -989) + (-40 - -1).
-30
Calculate -5 + (15 - 19 - 1).
-10
(-2 - 6) + 8 + 11 + -6
5
Calculate 10 + (-1 - 0) - (-245 - -267).
-13
Calculate 110 + -114 - (9 - -1 - 1).
-13
-9 + (0 - -19) - ((0 - -1) + 4)
5
What is the value of (-27 + (24 - 7) - (-4 + -1)) + -10?
-15
What is 2 - -3 - (-3 + 18 - -5)?
-15
What is the value of (-17 - (-37 + 4)) + 12 + 6?
34
0 - 4 - -15 - -1
12
Calculate (22 - (-24 + 45)) + -4.
-3
What is 13 + 8 - 10 - (-4 - (-2 + -2))?
11
What is the value of 3 - ((-4 - 2) + 4) - (-13 - -17)?
1
What is 3 - (-1 + 1 + -1) - (94 + -76)?
-14
What is the value of -9 + 4 + -1 + -36 + 35?
-7
What is the value of 0 + 32 - (-8 + (4 - -16))?
20
Calculate (-3 - -4 - 2) + (6 - (9 - 4)).
0
What is -31 + 5 + -16 + 28?
-14
Calculate 4 + (-2 - (7 - (12 - -1)) - 23).
-15
(1 - 31) + (3 - 4) + 10
-21
Evaluate -19 - (-9 - (4 - 14)) - -10.
-10
Evaluate -6 + (0 + -7 - -2) - -2.
-9
Calculate -34 + -20 + 41 + -4.
-17
What is (32 - 26) + ((-1 - -3) + -1 - -5)?
12
Evaluate -10 - (7 - (-4 + 13) - 20).
12
2 + (20 - 11) - 10 - -2
3
What is the value of 8 + -1 - -1 - (185 + -170)?
-7
What is -7 - (-7 + -11 + 8)?
3
What is (1 + -2 - (-19 + 0)) + -1525 + 1536?
29
Evaluate 0 - (2 - (29 - 42)).
-15
What is the value of -36 + (34 - 2) + 8 + -2?
2
What is the value of 5 + 17 + -48 + 14?
-12
Evaluate -4 - 13 - 14 - -22.
-9
What is 23 + (-34 - 28) + 32?
-7
What is the value of 0 + (23 + -19 - 6)?
-2
Evaluate 22 + 33 + -12 + (-19 - -9).
33
What is the value of -24 + -9 + (-3 - 0) + 23?
-13
What is 14 - (-13 + (36 - 1)) - (-1 + 0)?
-7
What is the value of 8 + 10 + -13 + 8?
13
10 + 6 + 1 + -21 + -3 + 19
12
((-18 - -8) + 0 - -10 - -9) + 20
29
What is 25 - (-18 - (11 - 37))?
17
(-13 - (10 + -5 + 7 + -10)) + 4
-11
What is (116 - 126) + 4 + 0 - (-2 + 6)?
-10
What is -1 - (-6 + 0 + (-6 - -2) + 5)?
4
What is the value of (18 + -3 - 5 - -25) + -17?
18
What is -164 + 174 + (3 - (-9 - 2))?
24
7 + (8 + -10 - -7) + 3
15
Calculate (-1 - 4) + -10 + 26 + -30 + 44.
25
Evaluate 0 + (-1 - -3) + -1 + (476 - 506).
-29
What is the value of 0 - -1 